10811?
False
Does 7 divide 2347457?
True
Is 7 a factor of 636832?
True
Does 7 divide 3611524?
True
Is 608 a factor of 2007008?
True
Is 1562379 a multiple of 679?
True
Is 9 a factor of 179775?
True
Is 1482118 a multiple of 394?
False
Is 442680 a multiple of 68?
True
Is 1615404 a multiple of 12?
True
Does 48 divide 134171?
False
Does 174 divide 202362?
True
Is 270261 a multiple of 80?
False
Is 249 a factor of 2875497?
False
Is 40848 a multiple of 8?
True
Is 39 a factor of 2692209?
True
Is 75 a factor of 511125?
True
Is 3374133 a multiple of 93?
True
Is 746 a factor of 9839740?
True
Is 8 a factor of 5639448?
True
Is 4734375 a multiple of 25?
True
Is 2989968 a multiple of 42?
False
Is 3 a factor of 1927?
False
Does 26 divide 1849310?
False
Is 2233436 a multiple of 11?
False
Is 611669 a multiple of 14?
False
Is 2315376 a multiple of 12?
True
Is 26 a factor of 40924?
True
Is 389 a factor of 133128?
False
Is 235409 a multiple of 406?
False
Does 256 divide 5011968?
True
Is 17 a factor of 785026?
True
Is 96 a factor of 292704?
True
Does 15 divide 143760?
True
Does 8 divide 10863864?
True
Does 41 divide 5846230?
False
Is 103306 a multiple of 14?
True
Does 17 divide 93656?
False
Is 1094486 a multiple of 31?
True
Does 312 divide 2057789?
False
Is 100068 a multiple of 28?
False
Is 218354 a multiple of 73?
False
Does 195 divide 221715?
True
Is 163 a factor of 721275?
True
Does 100 divide 10568558?
False
Is 22 a factor of 8656538?
True
Does 6 divide 147124?
False
Is 213 a factor of 33016917?
True
Is 353 a factor of 2881186?
True
Is 4 a factor of 1871656?
True
Is 700198 a multiple of 78?
False
Does 58 divide 1901704?
True
Is 2410380 a multiple of 1246?
False
Is 42 a factor of 570570?
True
Is 42 a factor of 453817?
False
Does 76 divide 86628?
False
Does 129 divide 686925?
True
Is 3937609 a multiple of 676?
False
Is 532 a factor of 512316?
True
Is 70 a factor of 2395686?
False
Does 213 divide 1464667?
False
Is 16 a factor of 21443?
False
Is 63 a factor of 182133?
True
Is 72226 a multiple of 11?
True
Does 97 divide 3669413?
True
Is 9 a factor of 1076187?
False
Is 452 a factor of 195719?
False
Is 29523 even?
False
Is 14 a factor of 2252150?
False
Is 5268329 a multiple of 11?
True
Is 160 a factor of 2776510?
False
Is 322 a factor of 3575797?
False
Is 4 a factor of 455544?
True
Is 103 a factor of 516133?
True
Does 145 divide 118900?
True
Does 84 divide 208804?
False
Does 32 divide 13540?
False
Does 118 divide 6113561?
False
Does 339 divide 168144?
True
Is 565380 a multiple of 405?
True
Does 486 divide 466100?
False
Is 7 a factor of 209342?
True
Is 426 a factor of 1203240?
False
Is 270 a factor of 61290?
True
Is 79475 a multiple of 49?
False
Is 4 a factor of 73642?
False
Is 431939 a multiple of 59?
True
Is 108368 a multiple of 104?
True
Is 4788916 a multiple of 1397?
True
Is 7781532 a multiple of 1412?
True
Is 144 a factor of 22477637?
False
Does 8 divide 61104?
True
Does 9 divide 4158924?
False
Does 6 divide 33808?
False
Is 2222449 a multiple of 841?
False
Is 79302 a multiple of 4?
False
Is 2 a factor of 184716?
True
Is 50 a factor of 34300?
True
Does 204 divide 4692760?
False
Is 31911 a multiple of 18?
False
Does 175 divide 29332383?
False
Is 967 a factor of 4443365?
True
Is 1238904 a multiple of 6?
True
Does 60 divide 24022?
False
Is 132232 a multiple of 233?
False
Does 5 divide 750890?
True
Is 12 a factor of 2742?
False
Does 3 divide 4099191?
True
Does 57 divide 2817681?
True
Does 8 divide 58645?
False
Is 409 a factor of 180724?
False
Is 16 a factor of 409209?
False
Is 47629 a multiple of 31?
False
Is 9 a factor of 2419151?
False
Is 21 a factor of 77112?
True
Is 747320 a multiple of 34?
True
Is 475386 a multiple of 10?
False
Is 9 a factor of 367110?
True
Is 406 a factor of 398131?
False
Does 238 divide 1915424?
True
Is 7021150 a multiple of 27?
False
Is 10 a factor of 9421160?
True
Is 832108 a multiple of 4?
True
Is 46 a factor of 592652?
False
Does 134 divide 5939416?
True
Does 66 divide 4459?
False
Is 16628 a multiple of 12?
False
Is 22 a factor of 1097184?
True
Does 10 divide 8280?
True
Does 319 divide 880121?
True
Is 726185 a multiple of 7?
False
Is 143081 a multiple of 63?
False
Is 11 a factor of 10110?
False
Does 77 divide 961422?
True
Is 850968 a multiple of 72?
True
Does 1669 divide 24456448?
False
Is 16508878 a multiple of 665?
False
Does 17 divide 298418?
True
Is 30244 a multiple of 5?
False
Is 497942 a multiple of 53?
False
Is 108 a factor of 110424?
False
Is 37638 a multiple of 9?
True
Does 76 divide 9413892?
True
Is 1765722 a multiple of 714?
True
Is 428800 a multiple of 160?
True
Does 103 divide 1686023?
False
Does 82 divide 2213112?
False
Is 1829113 a multiple of 143?
True
Does 12 divide 85998?
False
Is 124978 a multiple of 14?
True
Is 52556 a multiple of 14?
True
Is 212544 a multiple of 123?
True
Does 579 divide 92061?
True
Is 10687410 a multiple of 69?
True
Is 18 a factor of 631386?
True
Does 47 divide 55163?
False
Is 11768743 a multiple of 17?
True
Is 15 a factor of 109761?
False
Is 11 a factor of 658154?
False
Does 3 divide 677147?
False
Is 36578 a multiple of 358?
False
Is 1400 a multiple of 200?
True
Does 444 divide 329910?
False
Does 109 divide 9379359?
False
Does 14 divide 6687058?
True
Does 59 divide 146880?
False
Is 1030690 a multiple of 10?
True
Is 739 a factor of 40645?
True
Is 172411 a multiple of 364?
False
Does 20 divide 5784640?
True
Is 474 a factor of 1623450?
True
Is 835374 a multiple of 87?
True
Is 109575 a multiple of 225?
True
Does 1062 divide 85902?
False
Does 3 divide 3734?
False
Is 11591 a multiple of 3?
False
Is 10 a factor of 4538200?
True
Does 82 divide 143992?
True
Does 12 divide 3636530?
False
Is 13 a factor of 160225?
True
Is 139 a factor of 27729110?
True
Is 12 a factor of 277936?
False
Does 134 divide 273360?
True
Is 13 a factor of 781950?
True
Is 1042671 a multiple of 41?
True
Is 187434 a multiple of 39?
True
Does 55 divide 68530?
True
Is 7128320 a multiple of 143?
False
Is 2366976 a multiple of 12?
True
Does 767 divide 568678?
False
Is 219 a factor of 185486?
False
Does 215 divide 143615?
False
Is 57 a factor of 47595?
True
Does 175 divide 26233?
False
Is 211575 a multiple of 39?
True
Does 355 divide 243175?
True
Does 127 divide 763270?
True
Is 192640 a multiple of 86?
True
Does 24 divide 335496?
True
Is 3 a factor of 1917230?
False
Is 35 a factor of 191520?
True
Is 46 a factor of 1748?
True
Does 1408 divide 5494016?
True
Is 6 a factor of 1411837?
False
Is 29020 a multiple of 5?
True
Is 695369 a multiple of 152?
False
Is 1140 a factor of 652179?
False
Is 3854070 a multiple of 99?
True
Does 150 divide 2332200?
True
Is 18 a factor of 70005?
False
Is 369750 a multiple of 725?
True
Is 67 a factor of 32026?
True
Is 127471 a multiple of 269?
False
Is 102 a factor of 27540?
True
Is 11 a factor of 4444?
True
Is 9898 a multiple of 162?
False
Is 1457415 a multiple of 2?
False
Is 443124 a multiple of 12?
True
Does 59 divide 289123?
False
Is 811 a factor of 3216269?
False
Is 4419877 a multiple of 427?
True
Is 36 a factor of 241531?
False
Does 187 divide 74239?
True
Is 236 a factor of 17135349?
False
Is 27 a factor of 2540879?
False
Is 192950 a multiple of 8?
False
Does 29 divide 636533?
False
Is 984 a factor of 10855911?
False
Is 15 a factor of 9298?
False
Does 119 divide 12858902?
True
Is 1076145 a multiple of 21?
True
Does 10 divide 78930?
True
Is 15 a factor of 1887090?
True
Is 20 a factor of 429960?
True
Is 22 a factor of 185093?
False
Is 39666 a multiple of 33?
True
Is 35 a factor of 31955?
True
Is 5 a factor of 50988?
False
Is 8 a factor of 114160?
True
Is 945167 a multiple of 61?
False
Does 140 divide 1741626?
False
Does 78 divide 710970?
True
Is 64 a factor of 359424?
True
Is 25429 a multiple of 6?
False
Does 19 divide 3857?
True
Is 10 a factor of 517160?
True
Is 17 a factor of 54948?
False
Is 179186 a multiple of 14?
True
Is 89 a factor of 3236765?
False
Is 2894862 a multiple of 300?
False
Is 1053 a factor of 4846180?
False
Is 172 a factor of 2375836?
True
Is 12914554 a multiple of 252?
False
Is 156836 a multiple of 41?
False
Is 316 a factor of 865840?
True
Is 928177 a multiple of 94?
False
Is 8406702 a multiple of 342?
True
Does 30 divide 895050?
True
Is 229765 a multiple of 14?
False
Is 31 a factor of 4544972?